tor of 541543879?
False
Is 1659 a factor of 85821729?
True
Does 289 divide 53233222?
True
Is 816 a factor of 54891504?
True
Is 183754170 a multiple of 3062?
False
Is 14557275 a multiple of 85?
False
Is 22 a factor of 2020897560?
True
Is 1256 a factor of 1352839?
False
Does 27 divide 158832441?
True
Does 36 divide 309226284?
True
Is 125 a factor of 11012375?
True
Is 7 a factor of 2041630829?
True
Is 52 a factor of 279874822?
False
Is 157 a factor of 800797654?
True
Is 23242332 a multiple of 102?
True
Is 12297 a factor of 4142110805?
False
Does 49 divide 412847932?
True
Is 46 a factor of 659850634?
True
Is 487 a factor of 43648836?
True
Is 10285862 a multiple of 606?
False
Is 10 a factor of 318274149?
False
Is 2008 a factor of 196108375?
False
Is 11 a factor of 1404485038?
True
Is 720879536 a multiple of 4359?
False
Does 474 divide 9657276?
True
Is 716820 a multiple of 65?
True
Does 41 divide 3235467891?
True
Does 297 divide 321689610?
True
Is 6 a factor of 61875662?
False
Is 112191300 a multiple of 2580?
True
Does 17 divide 4680632?
False
Is 7 a factor of 24346175?
True
Does 2771 divide 164450741?
False
Does 686 divide 32928686?
True
Does 188 divide 410627908?
True
Does 20 divide 178659730?
False
Is 561220764 a multiple of 401?
False
Is 6774990 a multiple of 30?
True
Is 191158812 a multiple of 78?
True
Does 2197 divide 48115154?
False
Is 265 a factor of 813229350?
True
Is 26 a factor of 6275700?
False
Is 280482182 a multiple of 158?
False
Is 1352984256 a multiple of 4633?
True
Is 269 a factor of 80868663?
True
Is 1308 a factor of 21657932?
False
Does 1312 divide 9443787?
False
Is 457 a factor of 88913463?
True
Does 6 divide 12645155?
False
Does 14 divide 809998700?
True
Is 263 a factor of 124310895?
True
Does 1071 divide 255308193?
True
Is 55826324 a multiple of 769?
True
Is 146187946 a multiple of 5?
False
Is 7281691 a multiple of 389?
True
Is 40166350 a multiple of 592?
False
Does 2034 divide 348164140?
False
Does 88 divide 3819342139?
False
Is 12 a factor of 499986467?
False
Is 95007150 a multiple of 12?
False
Does 429 divide 283201019?
False
Does 54 divide 616996224?
True
Is 64033392 a multiple of 628?
True
Is 12427941 a multiple of 468?
False
Is 44881200 a multiple of 1200?
True
Is 237543380 a multiple of 365?
False
Is 47778008 a multiple of 1216?
False
Does 14 divide 34043688?
True
Is 142 a factor of 83790585?
False
Is 877 a factor of 94616899?
True
Is 11423671 a multiple of 7?
True
Does 169 divide 46068555?
True
Does 16 divide 1858608912?
True
Is 4871 a factor of 1639781721?
False
Is 43538135 a multiple of 972?
False
Is 2047298517 a multiple of 207?
True
Does 1144 divide 613476136?
False
Is 240 a factor of 501546000?
True
Is 408 a factor of 37745304?
True
Does 14 divide 466953175?
False
Is 52265077 a multiple of 117?
False
Is 163 a factor of 116324536?
False
Does 6 divide 13030086?
True
Is 366559680 a multiple of 480?
True
Does 36 divide 49028532?
False
Is 26 a factor of 125722038?
True
Does 648 divide 451854936?
True
Is 30377275 a multiple of 515?
True
Does 1564 divide 145745215?
False
Is 2184 a factor of 685683629?
False
Is 18 a factor of 243579474?
True
Is 52416839 a multiple of 19?
True
Is 148661386 a multiple of 701?
False
Is 5 a factor of 602290239?
False
Is 13157622 a multiple of 1132?
False
Is 14381640 a multiple of 195?
True
Is 150 a factor of 629867400?
True
Does 826 divide 60144364?
True
Is 629684800 a multiple of 4600?
True
Does 100 divide 62273200?
True
Is 6 a factor of 17258220?
True
Is 5 a factor of 1694272568?
False
Is 1916165438 a multiple of 80?
False
Is 29 a factor of 21539891?
False
Is 33165580 a multiple of 20?
True
Is 250 a factor of 1125899000?
True
Does 950 divide 87288850?
True
Is 4917 a factor of 332462955?
True
Does 2 divide 2215537?
False
Is 6520 a factor of 93403331?
False
Is 92545255 a multiple of 13?
False
Does 1451 divide 94816413?
False
Is 5569472 a multiple of 272?
True
Is 717958700 a multiple of 7107?
False
Does 13 divide 10580209?
False
Is 1800 a factor of 4010396400?
True
Is 9076268 a multiple of 296?
False
Is 147 a factor of 489308333?
False
Is 136 a factor of 141361983?
False
Is 66 a factor of 19625233?
False
Does 620 divide 321624929?
False
Does 31 divide 4349896780?
False
Does 20 divide 115026520?
True
Is 125648796 a multiple of 12?
True
Is 7626329 a multiple of 328?
False
Does 276 divide 89049468?
True
Is 3226 a factor of 36399541?
False
Is 340243151 a multiple of 549?
False
Is 99166163 a multiple of 668?
False
Is 27 a factor of 80754000?
False
Does 9 divide 1116216?
True
Is 33136166 a multiple of 551?
False
Is 236541535 a multiple of 353?
False
Is 379 a factor of 26623282?
False
Does 147 divide 30847920?
False
Does 174 divide 496849111?
False
Is 22722448 a multiple of 742?
False
Is 834482466 a multiple of 9?
True
Is 4444950 a multiple of 30?
True
Is 484380 a multiple of 405?
True
Is 7 a factor of 23680937?
True
Is 382747214 a multiple of 86?
True
Is 15 a factor of 76841820?
True
Is 22 a factor of 807294444?
True
Does 3503 divide 74267103?
True
Is 33200535 a multiple of 93?
True
Does 113 divide 616216911?
True
Is 48512898 a multiple of 14?
True
Does 3418 divide 1973828632?
False
Does 26 divide 14149464?
False
Is 239858388 a multiple of 2?
True
Is 41 a factor of 221486141?
True
Is 244 a factor of 424198148?
True
Does 17 divide 784949009?
False
Is 58743531 a multiple of 87?
True
Does 35 divide 4310907685?
True
Is 7117 a factor of 1199839368?
False
Does 100 divide 189296500?
True
Is 388823820 a multiple of 165?
True
Is 56 a factor of 3083007?
False
Is 1790 a factor of 173733820?
True
Is 15 a factor of 376425?
True
Is 40 a factor of 85669148?
False
Is 251238484 a multiple of 2360?
False
Is 35405433 a multiple of 1827?
True
Does 586 divide 136300084?
True
Is 174 a factor of 45564991?
False
Is 36 a factor of 39209944?
False
Is 4237 a factor of 244254576?
True
Is 2739618 a multiple of 34?
True
Is 231273608 a multiple of 1443?
False
Is 1978 a factor of 16818574?
False
Is 42761575 a multiple of 17?
False
Is 32443182 a multiple of 9?
True
Is 3186 a factor of 1776778534?
False
Is 188 a factor of 1818487904?
True
Is 25610182 a multiple of 26?
True
Is 4157675993 a multiple of 32?
False
Does 20 divide 5234491?
False
Is 7385233 a multiple of 1033?
False
Does 103 divide 68878984?
True
Does 18 divide 4064380690?
False
Is 21820962 a multiple of 103?
True
Is 18070795 a multiple of 5?
True
Is 39899712 a multiple of 5097?
False
Is 166253400 a multiple of 30?
True
Does 295 divide 210602242?
False
Is 663723586 a multiple of 787?
False
Does 213 divide 313386559?
False
Does 30 divide 16720770?
True
Is 17 a factor of 1869104168?
True
Is 123 a factor of 2177738576?
False
Does 163 divide 2391210?
True
Is 1859711616 a multiple of 28?
True
Is 722 a factor of 569925862?
True
Is 11087179 a multiple of 3?
False
Does 1350 divide 1016858832?
False
Is 21959490 a multiple of 1113?
True
Is 3 a factor of 86321109?
True
Does 37 divide 17403326?
False
Is 515 a factor of 552161885?
True
Does 43 divide 2271110372?
False
Is 25 a factor of 2768596?
False
Is 425 a factor of 75734575?
True
Is 257371919 a multiple of 7?
True
Is 118 a factor of 8375994?
True
Is 20865349 a multiple of 1191?
False
Is 341035755 a multiple of 1943?
False
Is 14414491 a multiple of 299?
True
Is 298 a factor of 1568719?
False
Is 637 a factor of 2527351008?
True
Is 40 a factor of 45009785?
False
Does 14 divide 584241710?
False
Is 7 a factor of 11582753?
True
Is 42 a factor of 177990330?
True
Does 5 divide 11733565?
True
Is 142 a factor of 3681206?
False
Does 11 divide 36133020?
True
Is 128812761 a multiple of 693?
True
Is 2736 a factor of 879495408?
True
Is 2493 a factor of 184215249?
True
Is 80 a factor of 2490701667?
False
Is 39 a factor of 11543058?
False
Is 3 a factor of 131868078?
True
Is 340991243 a multiple of 1245?
False
Does 87 divide 1065415977?
False
Is 33 a factor of 80230535?
False
Is 181 a factor of 19734611?
True
Is 4 a factor of 1367906?
False
Is 1927 a factor of 3357146174?
True
Is 144 a factor of 2583675616?
False
Is 1012117538 a multiple of 699?
False
Is 360146162 a multiple of 383?
False
Is 7474379 a multiple of 4?
False
Is 242 a factor of 6553360?
True
Is 377 a factor of 137371260?
True
Is 24132727 a multiple of 23?
True
Is 4432735 a multiple 